{"id":333,"date":"2023-03-02T15:21:23","date_gmt":"2023-03-02T14:21:23","guid":{"rendered":"https:\/\/konferencja.wieliczka.eu\/?page_id=333"},"modified":"2023-06-12T16:31:40","modified_gmt":"2023-06-12T14:31:40","slug":"galleries-and-broadcasts","status":"publish","type":"page","link":"https:\/\/konferencja.wieliczka.eu\/?page_id=333&lang=en","title":{"rendered":"GALLERIES AND BROADCASTS"},"content":{"rendered":"\n<p class=\"has-medium-font-size\"><strong>Facebook page of the Conference:<\/strong><\/p>\n\n\n\n<p><a rel=\"noreferrer noopener\" href=\"https:\/\/www.facebook.com\/profile.php?id=100086510388093\" target=\"_blank\">https:\/\/www.facebook.com\/profile.php?id=100086510388093<\/a><\/p>\n\n\n\n<p class=\"has-medium-font-size\"><strong>Coverage of the 2022 Wieliczka Conference:<\/strong><\/p>\n\n\n\n<p>I day:<\/p>\n\n\n\n<figure class=\"wp-block-embed is-type-video is-provider-youtube wp-block-embed-youtube wp-embed-aspect-16-9 wp-has-aspect-ratio\"><div class=\"wp-block-embed__wrapper\">\n<iframe loading=\"lazy\" title=\"Mi\u0119dzynarodowa Konferencja SAMORZ\u0104D 6.0.\" width=\"640\" height=\"360\" src=\"https:\/\/www.youtube.com\/embed\/k54CizxQDCM?feature=oembed\" frameborder=\"0\" allow=\"accelerometer; autoplay; clipboard-write; encrypted-media; gyroscope; picture-in-picture; web-share\" referrerpolicy=\"strict-origin-when-cross-origin\" allowfullscreen><\/iframe>\n<\/div><figcaption class=\"wp-element-caption\"><br>II day:<\/figcaption><\/figure>\n\n\n\n<figure class=\"wp-block-embed is-type-video is-provider-youtube wp-block-embed-youtube wp-embed-aspect-16-9 wp-has-aspect-ratio\"><div class=\"wp-block-embed__wrapper\">\n<iframe loading=\"lazy\" title=\"Mi\u0119dzynarodowa Konferencja SAMORZ\u0104D 6.0. - dzie\u0144 2.\" width=\"640\" height=\"360\" src=\"https:\/\/www.youtube.com\/embed\/7tRWWoqq37g?feature=oembed\" frameborder=\"0\" allow=\"accelerometer; autoplay; clipboard-write; encrypted-media; gyroscope; picture-in-picture; web-share\" referrerpolicy=\"strict-origin-when-cross-origin\" allowfullscreen><\/iframe>\n<\/div><\/figure>\n\n\n\n<p><\/p>\n\n\n\n<p>2. Video coverage of the conference <\/p>\n\n\n\n<p><a href=\"https:\/\/www.facebook.com\/100086510388093\/videos\/302205602144115\">https:\/\/www.facebook.com\/100086510388093\/videos\/302205602144115<\/a><\/p>\n\n\n\n<p>3. Photo galleries from the conference <\/p>\n\n\n\n<p>Part I:<\/p>\n\n\n\n<p><a href=\"https:\/\/www.facebook.com\/photo?fbid=641052174729163&amp;set=pcb.641067054727675\">https:\/\/www.facebook.com\/photo?fbid=641052174729163&amp;set=pcb.641067054727675<\/a><\/p>\n\n\n\n<p>Part II:<\/p>\n\n\n\n<p><a href=\"https:\/\/www.facebook.com\/photo\/?fbid=238157985744546&amp;set=pcb.238163305744014\">https:\/\/www.facebook.com\/photo\/?fbid=238157985744546&amp;set=pcb.238163305744014<\/a><\/p>\n","protected":false},"excerpt":{"rendered":"<p>Facebook page of the Conference: https:\/\/www.facebook.com\/profile.php?id=100086510388093 Coverage of the 2022 Wieliczka Conference: I day: 2. Video coverage of the conference https:\/\/www.facebook.com\/100086510388093\/videos\/302205602144115 3. Photo galleries from the conference Part I: https:\/\/www.facebook.com\/photo?fbid=641052174729163&amp;set=pcb.641067054727675 Part II: https:\/\/www.facebook.com\/photo\/?fbid=238157985744546&amp;set=pcb.238163305744014<\/p>\n","protected":false},"author":1,"featured_media":0,"parent":0,"menu_order":0,"comment_status":"closed","ping_status":"closed","template":"","meta":{"ngg_post_thumbnail":0,"footnotes":""},"class_list":["post-333","page","type-page","status-publish","hentry","latest_post"],"_links":{"self":[{"href":"https:\/\/konferencja.wieliczka.eu\/index.php?rest_route=\/wp\/v2\/pages\/333","targetHints":{"allow":["GET"]}}],"collection":[{"href":"https:\/\/konferencja.wieliczka.eu\/index.php?rest_route=\/wp\/v2\/pages"}],"about":[{"href":"https:\/\/konferencja.wieliczka.eu\/index.php?rest_route=\/wp\/v2\/types\/page"}],"author":[{"embeddable":true,"href":"https:\/\/konferencja.wieliczka.eu\/index.php?rest_route=\/wp\/v2\/users\/1"}],"replies":[{"embeddable":true,"href":"https:\/\/konferencja.wieliczka.eu\/index.php?rest_route=%2Fwp%2Fv2%2Fcomments&post=333"}],"version-history":[{"count":4,"href":"https:\/\/konferencja.wieliczka.eu\/index.php?rest_route=\/wp\/v2\/pages\/333\/revisions"}],"predecessor-version":[{"id":695,"href":"https:\/\/konferencja.wieliczka.eu\/index.php?rest_route=\/wp\/v2\/pages\/333\/revisions\/695"}],"wp:attachment":[{"href":"https:\/\/konferencja.wieliczka.eu\/index.php?rest_route=%2Fwp%2Fv2%2Fmedia&parent=333"}],"curies":[{"name":"wp","href":"https:\/\/api.w.org\/{rel}","templated":true}]}}

<p class="has-medium-font-size"><strong>Facebook page of the Conference:</strong></p>



<p><a rel="noreferrer noopener" href="https://www.facebook.com/profile.php?id=100086510388093" target="_blank">https://www.facebook.com/profile.php?id=100086510388093</a></p>



<p class="has-medium-font-size"><strong>Coverage of the 2022 Wieliczka Conference:</strong></p>



<p>I day:</p>



<figure class="wp-block-embed is-type-video is-provider-youtube wp-block-embed-youtube wp-embed-aspect-16-9 wp-has-aspect-ratio"><div class="wp-block-embed__wrapper">
<iframe loading="lazy" title="Międzynarodowa Konferencja SAMORZĄD 6.0." width="640" height="360" src="https://www.youtube.com/embed/k54CizxQDCM?feature=oembed" frameborder="0" allow="accelerometer; autoplay; clipboard-write; encrypted-media; gyroscope; picture-in-picture; web-share" referrerpolicy="strict-origin-when-cross-origin" allowfullscreen></iframe>
</div><figcaption class="wp-element-caption"><br>II day:</figcaption></figure>



<figure class="wp-block-embed is-type-video is-provider-youtube wp-block-embed-youtube wp-embed-aspect-16-9 wp-has-aspect-ratio"><div class="wp-block-embed__wrapper">
<iframe loading="lazy" title="Międzynarodowa Konferencja SAMORZĄD 6.0. - dzień 2." width="640" height="360" src="https://www.youtube.com/embed/7tRWWoqq37g?feature=oembed" frameborder="0" allow="accelerometer; autoplay; clipboard-write; encrypted-media; gyroscope; picture-in-picture; web-share" referrerpolicy="strict-origin-when-cross-origin" allowfullscreen></iframe>
</div></figure>



<p></p>



<p>2. Video coverage of the conference </p>



<p><a href="https://www.facebook.com/100086510388093/videos/302205602144115">https://www.facebook.com/100086510388093/videos/302205602144115</a></p>



<p>3. Photo galleries from the conference </p>



<p>Part I:</p>



<p><a href="https://www.facebook.com/photo?fbid=641052174729163&amp;set=pcb.641067054727675">https://www.facebook.com/photo?fbid=641052174729163&amp;set=pcb.641067054727675</a></p>



<p>Part II:</p>



<p><a href="https://www.facebook.com/photo/?fbid=238157985744546&amp;set=pcb.238163305744014">https://www.facebook.com/photo/?fbid=238157985744546&amp;set=pcb.238163305744014</a></p>
