{"id":329,"date":"2023-03-02T15:18:15","date_gmt":"2023-03-02T14:18:15","guid":{"rendered":"https:\/\/konferencja.wieliczka.eu\/?page_id=329"},"modified":"2023-06-13T11:54:15","modified_gmt":"2023-06-13T09:54:15","slug":"participants","status":"publish","type":"page","link":"https:\/\/konferencja.wieliczka.eu\/?page_id=329&lang=en","title":{"rendered":"PARTICIPANTS"},"content":{"rendered":"\n<p>prof. dr hab. Wojciech Czakon, Kierownik Katedry Zarz\u0105dzania Strategicznego (Uniwersytet Jagiello\u0144ski)<\/p>\n\n\n\n<p>prof. dr hab. Piotr Jedynak, Prorektor ds. polityki kadrowej i finansowej (Uniwersytet Jagiello\u0144ski)<\/p>\n\n\n\n<p>prof. dr hab. Zbigniew Makie\u0142a, Akademia WSB D\u0105browa G\u00f3rnicza<\/p>\n\n\n\n<p>dr hab. Stanis\u0142aw Mazur, prof. UEK, Rektor Uniwersytetu Ekonomicznego w Krakowie &nbsp;<\/p>\n\n\n\n<p>dr hab. Ewa Bogacz-Wojtanowska, prof. UJ, Dziekan Wydzia\u0142u Zarz\u0105dzania i Komunikacji Spo\u0142ecznej (Uniwersytet Jagiello\u0144ski)<\/p>\n\n\n\n<p>dr hab. Bernard Zi\u0119bicki, prof. UEK, Dziekan Kolegium Nauk o Zarz\u0105dzaniu i Jako\u015bci (Uniwersytet Ekonomiczny)<\/p>\n\n\n\n<p>dr Artur Kozio\u0142, Burmistrz Miasta i Gminy Wieliczka<\/p>\n\n\n\n<p>prof. Gabriele Pao-Pei Andreoli, President of IASC, Italy<\/p>\n\n\n\n<p>Zygmunt Frankiewicz, Prezes Zwi\u0105zku Miast Polskich<\/p>\n\n\n\n<p>prof. dr hab. med. Tomasz Grodzicki, Prorektor ds. Collegium Medicum UJ<\/p>\n\n\n\n<p>Bernd Sch\u00e4fer, Burmistrz Bergkamen, Niemcy<\/p>\n\n\n\n<p>Aleksandra Dulkiewicz, Prezydent Gda\u0144ska<\/p>\n\n\n\n<p>prof. dr hab. Jaros\u0142aw Flis, Uniwersytet Jagiello\u0144ski<\/p>\n\n\n\n<p>Wadim Tyszkiewicz, Senator RP<\/p>\n\n\n\n<p>abp. Grzegorz Ry\u015b, Metropolita \u0141\u00f3dzki<\/p>\n\n\n\n<p>prof. dr hab. Grzegorz Li\u015bkiewicz, Politechnika \u0141\u00f3dzka<\/p>\n\n\n\n<p>prof. dr hab. Wiktor Adamus, Uniwersytet Jagiello\u0144ski<\/p>\n\n\n\n<p>Jacek Sutryk, Prezydent Wroc\u0142awia <\/p>\n\n\n\n<p>dr Anna Florek-Paszkowska, Centrum PUCP, Peru<\/p>\n\n\n\n<p>ks. prof. dr hab. Robert Tyra\u0142a, Rektor Uniwersytetu Jana Paw\u0142a II w Krakowie<\/p>\n\n\n\n<p>Elisabeth Masse, Burmistrz Saint-Andr\u00e9, Francja<\/p>\n\n\n\n<p>prof. dr hab. Anna Ujwary-Gil, Instytut Nauk Ekonomicznych PAN<\/p>\n\n\n\n<p>dr Jacek Karnowski, Prezydent Sopotu<\/p>\n\n\n\n<p>Kamil Sobolewski, G\u0142\u00f3wny Ekonomista Pracodawc\u00f3w RP<\/p>\n\n\n\n<p>dr Witold A. Cempel, Prezes FlexSim InterMarium<\/p>\n\n\n\n<p>Massimo Seri, Burmistrz Fano, W\u0142ochy<\/p>\n\n\n\n<p>Hubert Wieland Conroy, Ambasador Peru w Polsce <\/p>\n\n\n\n<p>Theodor Cosmin Onisii, Ambasador Rumunii w Polsce<\/p>\n\n\n\n<p>Konrad Fijo\u0142ek, Prezydent Rzeszowa<\/p>\n\n\n\n<p>Marcin Mazgaj, Konsul Honorowy Peru w Krakowie<\/p>\n\n\n\n<p>Ludomir Handzel, Prezydent Nowego S\u0105cza<\/p>\n\n\n\n<p>Marcin J\u0119drychowski, Dyrektor Szpitala Uniwersyteckiego w Krakowie<\/p>\n\n\n\n<p>Amit Lath, Wiceprezes Indyjsko-Polskiej Izby Gospodarczej<\/p>\n\n\n\n<p>Jacek Wi\u015bniewski, Prezydent Mielca<\/p>\n\n\n\n<p>dr. n. med. S\u0142awomir Krzemi\u0144ski<\/p>\n\n\n\n<p>Zdzis\u0142aw Grzelka, Starszy Bractwa Kurkowego<\/p>\n\n\n\n<p>Arkadiusz Ch\u0119ci\u0144ski, Prezydent Sosnowca<\/p>\n\n\n\n<p>Rafa\u0142 Sonik, kierowca w rajdach terenowych<\/p>\n\n\n\n<p>Tomasz Marczy\u0144ski, kolarz szosowy<\/p>\n\n\n\n<p>Marcin Skwierawski, Wiceprezydent Sopotu<\/p>\n\n\n\n<p>Renata Gawlik, W\u00f3jt Gminy Biskupice <\/p>\n\n\n\n<p>J\u00f3zef Tomal, Starosta My\u015blenicki<\/p>\n\n\n\n<p>Tomasz Latocha, Burmistrz Brzeska<\/p>\n\n\n\n<p>Piotr Bunar, Wydawnictwo Avalon<\/p>\n\n\n\n<p>Ma\u0142gorzata Du\u017cy, Burmistrz \u015awi\u0105tnik G\u00f3rnych<\/p>\n\n\n\n<p>dr Miros\u0142aw \u015aliwi\u0144ski, WOPR Opole<\/p>\n\n\n\n<p>Marius Galbenusa, President of CERS, Romania<\/p>\n\n\n\n<p>Dan Boboutanu, Mayor of City Hunedoara, Romania <\/p>\n\n\n\n<p>Alina Bilan (Political sciences at S.N.S.P.A, Attorney at Law, ARDLD<br>President; ONV LAW Co-owner and Partner, Romania)<\/p>\n\n\n\n<p>Sergiu Petrea (PhD Architect, Project manager \u2013 ARDLD, Managing<br>partner \u2013 TECTO, Romania)<\/p>\n\n\n\n<p>Cornelia Muraru-Ionel (Coordinator of the Technological and Business<br>Incubator INMA-ITA, cluster manager of IND-AGRO-POL competitiveness<br>pole, Romania)<\/p>\n\n\n\n<p>Vergil Muraru (Expert &#8211; National Institute of Research \u2013 Development<br>for Machines and Installations Designed for Agriculture and Food<br>Industry \u2013 INMA Bucharest\/Romania)<\/p>\n\n\n\n<p>Magdalena Golonka, Dyrektor Wydzia\u0142u Kultury, Sportu, Turystyki i Komunikacji Spo\u0142ecznej UMiG Wieliczka<\/p>\n\n\n\n<p>\u0141ukasz Sadkiewicz, Prezes CER Solne Miasto Sp. z o.o.<\/p>\n\n\n\n<p>Piotr Sionko, Dyrektor Mediateki-Biblioteki Miejskiej w Wieliczce<\/p>\n\n\n\n<p>Jolana Sobol, Dyrektor Wydzia\u0142u Inwestycji UMiG Wieliczka<\/p>\n\n\n\n<p>Agnieszka Szczepaniak, Zast\u0119pca Burmistrza Wieliczki ds. Spo\u0142ecznych<\/p>\n\n\n\n<p>Ignat Timar, Kierownik Zespo\u0142u ds. Wsp\u00f3\u0142pracy Mi\u0119dzynarodowej UMiG Wieliczka <\/p>\n\n\n\n<p>Joanna Kordula, Radna Miejska w Wieliczce<\/p>\n\n\n\n<p>Magdalena Kot, Dyrektor Wielickiego Centrum Kultury <\/p>\n\n\n\n<p>Magdalena Gajewska, W\u00f3jt Gminy Zarszyn <\/p>\n\n\n\n<p>Barbara Ptak, Pe\u0142nomocnik Zarz\u0105du Wielickiej Sp\u00f3\u0142ki Transportowej <\/p>\n\n\n\n<p>Joanna Zygmunt, Zast\u0119pca Dyrektora Wielickiego Centrum Kultury <\/p>\n\n\n\n<p>Krystian Kogut, FlexSim InterMarium<\/p>\n\n\n\n<p>Filip Polit, FlexSim InterMarium<\/p>\n\n\n\n<p>Marek Nazarko, Burmistrz Micha\u0142owa <\/p>\n\n\n\n<p>Jakub Dorosz Kruczy\u0144ski, Uniwersytet Kardyna\u0142a Stefana Wyszy\u0144skiego<\/p>\n\n\n\n<p>dr Pawe\u0142 Bogacz, Business Centre Club\/FlexSim InterMarium<\/p>\n\n\n\n<p>Maciej Antkiewicz, Administracja Szk\u00f3\u0142 Gminy Ska\u0142a <\/p>\n\n\n\n<p>Zdzis\u0142aw Grzelka, Starszy Bractwa Kurkowego <\/p>\n\n\n\n<p>Adam Marek Panu\u015b, Sekretarz Miasta i Gminy Wieliczka <\/p>\n\n\n\n<p>Krzysztof Madej, Najwy\u017csza Izba Kontroli <\/p>\n\n\n\n<p>El\u017cbieta Anna Polak, Marsza\u0142ek Wojew\u00f3dztwa Lubuskiego <\/p>\n\n\n\n<p>Piotr Krupa, Zast\u0119pca Burmistrza Wieliczki ds. Inwestycji <\/p>\n\n\n\n<p>Barbara Skibska, Zast\u0119pca Dyrektora Powiatowego Urz\u0119du Pracy w Wieliczce <\/p>\n\n\n\n<p>Violeta Arlak, aktorka <\/p>\n\n\n\n<p>Rafa\u0142 Rozumek<\/p>\n\n\n\n<p>Tomasz Su\u015b, Burmistrz Dobczyc<\/p>\n\n\n\n<p>Micha\u0142 Hebda, Zast\u0119pca Burmistrza Niepo\u0142omic ds. Spo\u0142ecznych <\/p>\n\n\n\n<p>Marcin Skwierawski, Wiceprezydent Sopotu<\/p>\n\n\n\n<p>Roland Sch\u00e4fer, Honorowy Burmistrz Bergkamen, Niemcy<\/p>\n\n\n\n<p>J\u00f3zef Lassota, UMiG Wieliczka <\/p>\n\n\n\n<p>prof. dr hab. Jaros\u0142aw G\u00f3rniak, Prorektor ds. Rozwoju UJ <\/p>\n\n\n\n<p>Nagma Mohamed Mallick,&nbsp;ambasador Indii w&nbsp;Polsce<\/p>\n\n\n\n<p>Katarzyna Kowalska, Zast\u0119pca Dyrektora Wydzia\u0142u ds. Zarz\u0105dzania Projektami, Urz\u0105d Miasta \u0141odzi<\/p>\n\n\n\n<p>Robert Kolczy\u0144ski, Dyrektor Departamentu Strategii i Rozwoju, Urz\u0105d Miasta \u0141odzi<\/p>\n\n\n\n<p>Piotr Bunar, Prezes Wydawnictwa Avalon <\/p>\n\n\n\n<p>Rafa\u0142 Rozumek, Prezes Stowarzyszenia Solne Miasto Wieliczka <\/p>\n\n\n\n<p>dr Angelika Wodecka-Hyjek, Uniwersytet Ekonomiczny w Krakowie<\/p>\n\n\n\n<p>Krystyna Kotarba, Przewodnicz\u0105ca Zarz\u0105du Osiedla w \u015awi\u0105tnikach G\u00f3rnych<\/p>\n\n\n\n<p>dr hab. Agnieszka Szczudli\u0144ska-Kano\u015b, Uniwersytet Jagiello\u0144ski w Krakowie <\/p>\n\n\n\n<p>dr hab. Tomasz Kafel, prof. UEK, Uniwersytet Ekonomiczny w Krakowie <\/p>\n\n\n\n<p>Mr. JJ Singh, President, Indo-Polish Chamber of Commerce &amp; Industry (IPCCI)<\/p>\n\n\n\n<p>Dana Caraivan, Communication Advisor, Konsulat Honorowy Rumunii w Krakowie<\/p>\n\n\n\n<p>prof. dr hab. Mieczys\u0142aw Morawski, Politechnika Warszawska <\/p>\n\n\n\n<p>prof. dr hab. Jacek Szo\u0142tysek, Uniwersytet Ekonomiczny w Katowicach <\/p>\n\n\n\n<p>Wojciech Sypek, Ma\u0142opolska Szko\u0142a Administracji Publicznej UEK<\/p>\n\n\n\n<p>Janusz Wr\u00f3bel, Burmistrz Pruszcza Gda\u0144skiego<\/p>\n\n\n\n<p>Jerzy Kulka, Zast\u0119pca Burmistrza Pruszcza Gda\u0144skiego<\/p>\n\n\n\n<p>Andrzej Chmielewski, Zast\u0119pca W\u00f3jta Gminy Pruszcz Gda\u0144ski<\/p>\n\n\n\n<p>prof. dr hab. Jerzy Hausner, Uniwersytet Ekonomiczny w Krakowie <\/p>\n\n\n\n<p>Agata Machnik-Pado, Prezes Fundacji Gospodarki i Administracji Publicznej w Krakowie <\/p>\n\n\n\n<p>Jan Grzegorz Pacut, kr\u00f3l kurkowy, Towarzystwo Strzeleckie Bractwo Kurkowe <\/p>\n\n\n\n<p>\u0141ukasz Cie\u015blik, Dyrektor Ma\u0142opolskiego Centrum Doskonalenia Nauczycieli<\/p>\n\n\n\n<p>Laurentiu Caliman, Towarzystwo Polsko-Rumu\u0144skie w Krakowie <\/p>\n\n\n\n<p>Petru Sirghi, UAB Ideal Trade Links, Romania <\/p>\n\n\n\n<p>Tomasz \u0141azarski, Prezes Zarz\u0105du Ma\u0142opolskiego Banku Sp\u00f3\u0142dzielczego<\/p>\n\n\n\n<p>prof. dr. hab. Jerzy Dom\u017ca\u0142, Dyrektor Instytutu Telekomunikacji, Akademia G\u00f3rniczo-Hutnicza im. Stanis\u0142awa Staszica w Krakowie <\/p>\n\n\n\n<p>Piotr Krzystek, Prezydent Szczecina<\/p>\n\n\n\n<p>J\u00f3zef Rysak, W\u00f3jt Gminy Igo\u0142omia-Wawrze\u0144czyce <\/p>\n\n\n\n<p>Roman Ciepiela, Prezydent Tarnowa <\/p>\n\n\n\n<p>W\u0142odzimierz Roszczynialski, Rektor Wy\u017cszej Szko\u0142y Zarz\u0105dzania i Bankowo\u015bci w Krakowie <\/p>\n\n\n\n<p>dr Micha\u0142 \u017babi\u0144ski, Uniwersytet Ekonomiczny w Krakowie<\/p>\n\n\n\n<p>Marius Croitoru, Group CFO, CANPACK <\/p>\n\n\n\n<p>Roland SCH\u00c4FER, Honorary Mayor and Honorary President of the German Association of Towns and Municipalities<\/p>\n\n\n\n<p>Silvia Gosewinkel, Member of the Landtag<\/p>\n\n\n\n<p>Klaus Kuhlmann, Delegate of CEMR (Council of European Municipalities and Regions)<\/p>\n\n\n\n<p>Kamil Jastrz\u0119bski, Ruch Samorz\u0105dowy &#8222;Tak! Dla Polski&#8221; <\/p>\n\n\n\n<p>dr hab. Wioletta Knapik, prof. URK, Uniwersytet Rolniczy im. Hugona Ko\u0142\u0142\u0105taja w Krakowie<\/p>\n\n\n\n<p>Anna Janik-Garbiec, Wielickie Centrum Kultury<\/p>\n\n\n\n<p>Jacek Juszkiewicz, Wiceprezes Zak\u0142adu Gospodarki Komunalnej Sp. z o.o. w Wieliczce<\/p>\n\n\n\n<p>dr Jakub Olech, Uniwersytet Ekonomiczny w Krakowie<\/p>\n\n\n\n<p>Barbara Skibska, Zast\u0119pca Dyrektora Powiatowego Urz\u0119du Pracy w Wieliczce<\/p>\n\n\n\n<p>prof. dr hab. Aldona Fr\u0105czkiewicz-Wronka, Uniwersytet Ekonomiczny w Katowicach<\/p>\n\n\n\n<p>Julita Ewert-Stawowy, Zast\u0119pca Dyrektora Stowarzyszenia Metropolia Krakowska<\/p>\n\n\n\n<p>Magdalena Cyran, Stowarzyszenie Metropolia Krakowska<\/p>\n\n\n\n<p>dr Anna Rych\u0142y-Mierzwa, Stowarzyszenie Metropolia Krakowska<\/p>\n\n\n\n<p>Marek P\u0142achno &nbsp;&nbsp;&nbsp;&nbsp;&nbsp;&nbsp;&nbsp;&nbsp;&nbsp;&nbsp;&nbsp;&nbsp;&nbsp;&nbsp;<\/p>\n\n\n\n<p>Wojciech Biernat, Urz\u0105d Miasta i Gminy w Niepo\u0142omicach<\/p>\n\n\n\n<p>Roman Koszyk, Powiatowy Cech Rzemie\u015blnik\u00f3w i Przedsi\u0119biorc\u00f3w w Wieliczce<\/p>\n\n\n\n<p>dr Dariusz Wo\u017aniak, Rektor Wy\u017cszej Szko\u0142y Biznesu \u2013 National Louis University w Nowym S\u0105czu <\/p>\n\n\n\n<p>Igor Iwanowicz Polownikow, Prezydent Ukrai\u0144skiej Technologicznej Akademii w Kijowie&nbsp;<\/p>\n\n\n\n<p>dr hab. Zdzis\u0142awa Dacko-Pikiewicz, prof. AWSB, Rektor Akademii WSB<\/p>\n\n\n\n<p>Agata Machnik-Pado, Prezes Fundacji Gospodarki i Administracji Publicznej<\/p>\n\n\n\n<p>prof. dr hab. Krzysztof Sur\u00f3wka, Uniwersytet Ekonomiczny w Krakowie<\/p>\n\n\n\n<p>prof. dr hab. n. med. Piotr Ch\u0142osta, Kierownik Katedry i Kliniki Urologii Szpitala Uniwersyteckiego w Krakowie<\/p>\n\n\n\n<p>Bogus\u0142aw Kr\u00f3l, W\u00f3jt Gminy Zielonki<\/p>\n\n\n\n<p>prof. dr hab. Magdalena Kozie\u0144-Wo\u017aniak, Politechnika Krakowska<\/p>\n\n\n\n<p>dr hab. Piotr Skowron, Uniwersytet Warszawski<\/p>\n\n\n\n<p>Krzysztof Ryszard Rz\u0105dkowski, Gazeta Piastowska<\/p>\n\n\n\n<p>Pawe\u0142 Szlachetka, Media Net<\/p>\n\n\n\n<p>Adam Neumann, Prezydent Miasta Gliwice<\/p>\n\n\n\n<p>prof. dr hab. in\u017c. Piotr Faliszewski, Akademia G\u00f3rniczo-Hutnicza w Krakowie<\/p>\n\n\n\n<p>Marek Laso\u0144, Podstarszy Powiatowego Cechu Rzemie\u015blnik\u00f3w i Przedsi\u0119biorc\u00f3w w Wieliczce<\/p>\n\n\n\n<p>Mariusz Sosnowski, Skarbnik Powiatowego Cechu Rzemie\u015blnik\u00f3w i Przedsi\u0119biorc\u00f3w w Wieliczce<\/p>\n\n\n\n<p>Bartosz Wajman, Przewodnicz\u0105cy Rady Miejskiej w Niemodlinie&nbsp;&nbsp;&nbsp;&nbsp;&nbsp;&nbsp;&nbsp;&nbsp;&nbsp;&nbsp;&nbsp;<\/p>\n\n\n\n<p>prof. dr hab. Ryszard Borowiecki, Uniwersytet Ekonomiczny w Krakowie<\/p>\n\n\n\n<p>Adrian Palonek, Zast\u0119pca Dyrektora Zarz\u0105du Budynk\u00f3w Komunalnych w Wieliczce<\/p>\n\n\n\n<p>El\u017cbieta Sendor, Radna Rady Miejskiej w Wieliczce<\/p>\n\n\n\n<p>Agnieszka \u017bak-Haraburda, Dyrektor SP w Grajowie<\/p>\n\n\n\n<p>Agnieszka Molek-Rusin, przedsi\u0119biorca, Ruch Samorz\u0105dowy \u201eTak! Dla Polski\u201d<\/p>\n\n\n\n<p>dr Jolanta Stok\u0142osa, Prezes Hospicjum \u015bw. \u0141azarza w Krakowie<\/p>\n\n\n\n<p>Renata Po\u0142omska, Hospicjum \u015bw. \u0141azarza w Krakowie<\/p>\n\n\n\n<p>Daniel Wrzoszczyk, Dyrektor Stowarzyszenia Metropolia Krakowska<\/p>\n\n\n\n<p>Katarzyna Rudy-Kubisztal, LIV-opakowania Wieliczka<\/p>\n\n\n\n<p>\u0141ukasz Kubisztal, LIV-opakowania Wieliczka<\/p>\n\n\n\n<p>Konrad Koniarz, Grupa B12 Nieruchomo\u015bci<\/p>\n\n\n\n<p>Dominika Chyli\u0144ska, dyrektor MGOPS Wieliczka<\/p>\n\n\n\n<p>Lucjan R\u00f3wi\u0144ski, dyrektor Szko\u0142y Podstawowej nr 1 w Wieliczce<\/p>\n\n\n\n<p>Ma\u0142gorzata Du\u017cy, Burmistrz Miasta i Gminy \u015awi\u0105tniki G\u00f3rne &nbsp;&nbsp;&nbsp;&nbsp;<\/p>\n\n\n\n<p>dr Iwona W\u0142odarczyk, Dyrektor Przedszkola Samorz\u0105dowego nr 6 w Wieliczce<\/p>\n\n\n\n<p>dr hab. Jaros\u0142aw Flis, prof. UJ, Uniwersytet Jagiello\u0144ski<\/p>\n\n\n\n<p>Tomasz Filipow, Prezes Zarz\u0105du Diskus Polska Sp. z o.o.<\/p>\n\n\n\n<p>Grzegorz Lisowski, Akademia G\u00f3rniczo-Hutnicza w Krakowie<\/p>\n\n\n\n<p>Stanis\u0142aw Szufa, Akademia G\u00f3rniczo-Hutnicza w Krakowie<\/p>\n\n\n\n<p>Beata Bublewicz <\/p>\n\n\n\n<p>Arpad Todor, Public Policies Coordinator at Ministry of Foreign Affairs, Romania<\/p>\n\n\n\n<p>Alexandru Dimescu, Bussines Development Manager of CERS, Romania<\/p>\n\n\n\n<p><\/p>\n","protected":false},"excerpt":{"rendered":"<p>prof. dr hab. Wojciech Czakon, Kierownik Katedry Zarz\u0105dzania Strategicznego (Uniwersytet Jagiello\u0144ski) prof. dr hab. Piotr Jedynak, Prorektor ds. polityki kadrowej i finansowej (Uniwersytet Jagiello\u0144ski) prof. dr hab. Zbigniew Makie\u0142a, Akademia WSB D\u0105browa G\u00f3rnicza dr hab. Stanis\u0142aw Mazur, prof. UEK, Rektor Uniwersytetu Ekonomicznego w Krakowie &nbsp; dr hab. Ewa Bogacz-Wojtanowska, prof. UJ, Dziekan Wydzia\u0142u Zarz\u0105dzania i &hellip; <\/p>\n","protected":false},"author":1,"featured_media":0,"parent":0,"menu_order":0,"comment_status":"closed","ping_status":"closed","template":"","meta":{"ngg_post_thumbnail":0,"footnotes":""},"class_list":["post-329","page","type-page","status-publish","hentry","latest_post"],"_links":{"self":[{"href":"https:\/\/konferencja.wieliczka.eu\/index.php?rest_route=\/wp\/v2\/pages\/329","targetHints":{"allow":["GET"]}}],"collection":[{"href":"https:\/\/konferencja.wieliczka.eu\/index.php?rest_route=\/wp\/v2\/pages"}],"about":[{"href":"https:\/\/konferencja.wieliczka.eu\/index.php?rest_route=\/wp\/v2\/types\/page"}],"author":[{"embeddable":true,"href":"https:\/\/konferencja.wieliczka.eu\/index.php?rest_route=\/wp\/v2\/users\/1"}],"replies":[{"embeddable":true,"href":"https:\/\/konferencja.wieliczka.eu\/index.php?rest_route=%2Fwp%2Fv2%2Fcomments&post=329"}],"version-history":[{"count":19,"href":"https:\/\/konferencja.wieliczka.eu\/index.php?rest_route=\/wp\/v2\/pages\/329\/revisions"}],"predecessor-version":[{"id":698,"href":"https:\/\/konferencja.wieliczka.eu\/index.php?rest_route=\/wp\/v2\/pages\/329\/revisions\/698"}],"wp:attachment":[{"href":"https:\/\/konferencja.wieliczka.eu\/index.php?rest_route=%2Fwp%2Fv2%2Fmedia&parent=329"}],"curies":[{"name":"wp","href":"https:\/\/api.w.org\/{rel}","templated":true}]}}