{"id":306,"date":"2023-03-02T11:01:26","date_gmt":"2023-03-02T10:01:26","guid":{"rendered":"https:\/\/konferencja.wieliczka.eu\/?page_id=306"},"modified":"2023-03-06T15:52:25","modified_gmt":"2023-03-06T14:52:25","slug":"scientific-council","status":"publish","type":"page","link":"https:\/\/konferencja.wieliczka.eu\/?page_id=306&lang=en","title":{"rendered":"SCIENTIFIC COUNCIL"},"content":{"rendered":"\n<p> <\/p>\n\n\n\n<p><strong>Scientific Council<\/strong>:<\/p>\n\n\n\n<p>prof. dr hab. Wojciech Czakon, Kierownik Katedry Zarz\u0105dzania Strategicznego (Uniwersytet Jagiello\u0144ski)<\/p>\n\n\n\n<p>prof. dr hab. Piotr Jedynak, Prorektor ds. polityki kadrowej i finansowej (Uniwersytet Jagiello\u0144ski)<\/p>\n\n\n\n<p>prof. dr hab. Zbigniew Makie\u0142a, Akademia WSB<\/p>\n\n\n\n<p>prof. dr hab. Stanis\u0142aw Mazur, Rektor Uniwersytetu Ekonomicznego w Krakowie &nbsp;<\/p>\n\n\n\n<p>prof. dr hab. Ewa Bogacz-Wojtanowska, Dziekan Wydzia\u0142u Zarz\u0105dzania i Komunikacji Spo\u0142ecznej (Uniwersytet Jagiello\u0144ski)<\/p>\n\n\n\n<p>prof. dr hab. Bernard Zi\u0119bicki, Dziekan Kolegium Nauk o Zarz\u0105dzaniu i Jako\u015bci (Uniwersytet Ekonomiczny)<\/p>\n\n\n\n<p>dr Artur Kozio\u0142, Burmistrz Miasta i Gminy Wieliczka<\/p>\n\n\n\n<p><\/p>\n\n\n\n<p><strong>Program Council<\/strong>:<\/p>\n\n\n\n<p>prof. dr hab. Wojciech Czakon, Uniwersytet Jagiello\u0144ski<\/p>\n\n\n\n<p>dr Artur Kozio\u0142, Burmistrz Miasta i Gminy Wieliczka<\/p>\n\n\n\n<p>prof. dr hab. Zbigniew Makie\u0142a, Akademia WSB<\/p>\n\n\n\n<p>Magdalena Golonka, Dyrektor Wydzia\u0142u Kultury, Sportu, Turystyki i Komunikacji Spo\u0142ecznej UMiG Wieliczka<\/p>\n\n\n\n<p>\u0141ukasz Sadkiewicz, Prezes CER Solne Miasto Sp. z o.o.<\/p>\n\n\n\n<p>Piotr Sionko, Dyrektor Mediateki-Biblioteki Miejskiej w Wieliczce<\/p>\n\n\n\n<p>Jolana Sobol, Dyrektor Wydzia\u0142u Inwestycji UMiG Wieliczka<\/p>\n\n\n\n<p>Agnieszka Szczepaniak, Zast\u0119pca Burmistrza Wieliczki ds. spo\u0142ecznych<\/p>\n\n\n\n<p>Ignat Timar, Konsul Honorowy Rumunii w Krakowie<\/p>\n","protected":false},"excerpt":{"rendered":"<p>Scientific Council: prof. dr hab. Wojciech Czakon, Kierownik Katedry Zarz\u0105dzania Strategicznego (Uniwersytet Jagiello\u0144ski) prof. dr hab. Piotr Jedynak, Prorektor ds. polityki kadrowej i finansowej (Uniwersytet Jagiello\u0144ski) prof. dr hab. Zbigniew Makie\u0142a, Akademia WSB prof. dr hab. Stanis\u0142aw Mazur, Rektor Uniwersytetu Ekonomicznego w Krakowie &nbsp; prof. dr hab. Ewa Bogacz-Wojtanowska, Dziekan Wydzia\u0142u Zarz\u0105dzania i Komunikacji Spo\u0142ecznej &hellip; <\/p>\n","protected":false},"author":1,"featured_media":0,"parent":0,"menu_order":0,"comment_status":"closed","ping_status":"closed","template":"","meta":{"ngg_post_thumbnail":0,"footnotes":""},"class_list":["post-306","page","type-page","status-publish","hentry","latest_post"],"_links":{"self":[{"href":"https:\/\/konferencja.wieliczka.eu\/index.php?rest_route=\/wp\/v2\/pages\/306","targetHints":{"allow":["GET"]}}],"collection":[{"href":"https:\/\/konferencja.wieliczka.eu\/index.php?rest_route=\/wp\/v2\/pages"}],"about":[{"href":"https:\/\/konferencja.wieliczka.eu\/index.php?rest_route=\/wp\/v2\/types\/page"}],"author":[{"embeddable":true,"href":"https:\/\/konferencja.wieliczka.eu\/index.php?rest_route=\/wp\/v2\/users\/1"}],"replies":[{"embeddable":true,"href":"https:\/\/konferencja.wieliczka.eu\/index.php?rest_route=%2Fwp%2Fv2%2Fcomments&post=306"}],"version-history":[{"count":5,"href":"https:\/\/konferencja.wieliczka.eu\/index.php?rest_route=\/wp\/v2\/pages\/306\/revisions"}],"predecessor-version":[{"id":414,"href":"https:\/\/konferencja.wieliczka.eu\/index.php?rest_route=\/wp\/v2\/pages\/306\/revisions\/414"}],"wp:attachment":[{"href":"https:\/\/konferencja.wieliczka.eu\/index.php?rest_route=%2Fwp%2Fv2%2Fmedia&parent=306"}],"curies":[{"name":"wp","href":"https:\/\/api.w.org\/{rel}","templated":true}]}}

<p> </p>



<p><strong>Scientific Council</strong>:</p>



<p>prof. dr hab. Wojciech Czakon, Kierownik Katedry Zarządzania Strategicznego (Uniwersytet Jagielloński)</p>



<p>prof. dr hab. Piotr Jedynak, Prorektor ds. polityki kadrowej i finansowej (Uniwersytet Jagielloński)</p>



<p>prof. dr hab. Zbigniew Makieła, Akademia WSB</p>



<p>prof. dr hab. Stanisław Mazur, Rektor Uniwersytetu Ekonomicznego w Krakowie &nbsp;</p>



<p>prof. dr hab. Ewa Bogacz-Wojtanowska, Dziekan Wydziału Zarządzania i Komunikacji Społecznej (Uniwersytet Jagielloński)</p>



<p>prof. dr hab. Bernard Ziębicki, Dziekan Kolegium Nauk o Zarządzaniu i Jakości (Uniwersytet Ekonomiczny)</p>



<p>dr Artur Kozioł, Burmistrz Miasta i Gminy Wieliczka</p>



<p></p>



<p><strong>Program Council</strong>:</p>



<p>prof. dr hab. Wojciech Czakon, Uniwersytet Jagielloński</p>



<p>dr Artur Kozioł, Burmistrz Miasta i Gminy Wieliczka</p>



<p>prof. dr hab. Zbigniew Makieła, Akademia WSB</p>



<p>Magdalena Golonka, Dyrektor Wydziału Kultury, Sportu, Turystyki i Komunikacji Społecznej UMiG Wieliczka</p>



<p>Łukasz Sadkiewicz, Prezes CER Solne Miasto Sp. z o.o.</p>



<p>Piotr Sionko, Dyrektor Mediateki-Biblioteki Miejskiej w Wieliczce</p>



<p>Jolana Sobol, Dyrektor Wydziału Inwestycji UMiG Wieliczka</p>



<p>Agnieszka Szczepaniak, Zastępca Burmistrza Wieliczki ds. społecznych</p>



<p>Ignat Timar, Konsul Honorowy Rumunii w Krakowie</p>

<p>Scientific Council: prof. dr hab. Wojciech Czakon, Kierownik Katedry Zarządzania Strategicznego (Uniwersytet Jagielloński) prof. dr hab. Piotr Jedynak, Prorektor ds. polityki kadrowej i finansowej (Uniwersytet Jagielloński) prof. dr hab. Zbigniew Makieła, Akademia WSB prof. dr hab. Stanisław Mazur, Rektor Uniwersytetu Ekonomicznego w Krakowie &nbsp; prof. dr hab. Ewa Bogacz-Wojtanowska, Dziekan Wydziału Zarządzania i Komunikacji Społecznej &hellip; </p>
