{"id":2,"date":"2023-02-01T12:33:25","date_gmt":"2023-02-01T12:33:25","guid":{"rendered":"https:\/\/hosting30.vps33.iat.pl\/home\/hosting30\/public_html\/?page_id=2"},"modified":"2023-05-25T11:33:41","modified_gmt":"2023-05-25T09:33:41","slug":"sample-page","status":"publish","type":"page","link":"https:\/\/konferencja.wieliczka.eu\/","title":{"rendered":"O KONFERENCJI"},"content":{"rendered":"\n<p>Mi\u0119dzynarodowa Konferencja <strong>\u201eSamorz\u0105d 6.0. Rozw\u00f3j spo\u0142eczny \u2013 Us\u0142ugi gospodarcze \u2013 Nowoczesne finanse\u201d <\/strong>to drugie ju\u017c wa\u017cne wydarzenie o charakterze naukowym, kt\u00f3re w ostatnich miesi\u0105cach odbywa si\u0119 w Wieliczce. <\/p>\n\n\n\n<p>Konferencja jest kontynuacj\u0105 21. Mi\u0119dzynarodowej Konferencji z cyklu EKONOMIA &#8211; FINANSE &#8211; ZARZ\u0104DZANIE (ICEFM2022) pt. &#8222;Wsp\u00f3\u0142czesne wyzwania w polityce gospodarczej, biznesie i zarz\u0105dzaniu&#8221;, kt\u00f3ra zosta\u0142a zorganizowana w Wieliczce w pa\u017adzierniku 2022 r.<\/p>\n\n\n\n<p>Tym razem, <strong>w Wielickiej Mediatece <\/strong>spotkaj\u0105 si\u0119<strong> liderzy i eksperci z wielu dziedzin nauki i praktyki samorz\u0105dowej z ca\u0142ego \u015bwiata (z Polski, Niemiec, Francji, W\u0142och, Rumunii, USA, Peru i Indii)<\/strong>, aby dyskutowa\u0107 o tym, jak rozwija\u0107 doskonalszy model samorz\u0105du przysz\u0142o\u015bci. W ci\u0105gu ostatnich kilku lat, technologia i innowacje gwa\u0142townie przyspieszy\u0142y, staj\u0105c si\u0119 coraz wa\u017cniejsze dla rozwoju spo\u0142ecznego i gospodarczego, a konferencja stanowi platform\u0119 debaty o trendach, praktykach oraz wyzwaniach rozwojowych przed kt\u00f3rymi stoj\u0105 samorz\u0105dy.<\/p>\n\n\n\n<p><strong>Rozw\u00f3j spo\u0142eczny <\/strong>jest kluczowym tematem konferencji, poniewa\u017c samorz\u0105dy odgrywaj\u0105 wa\u017cn\u0105 rol\u0119 w poprawie jako\u015bci \u017cycia swoich mieszka\u0144c\u00f3w. W tym celu, liderzy samorz\u0105d\u00f3w mog\u0105 rozwa\u017cy\u0107 inwestowanie w projekty infrastrukturalne, w programy edukacyjne i zdrowotne, kt\u00f3re pomog\u0105 w harmonijnym doskonaleniu poziomu \u017cycia mieszka\u0144c\u00f3w.<\/p>\n\n\n\n<p><strong>Us\u0142ugi publiczne<\/strong> to kolejny wa\u017cny temat konferencji.<strong> <\/strong>Samorz\u0105dy powinny rozwa\u017cy\u0107 wykorzystanie nowoczesnych technologii, takich jak aplikacje mobilne i platformy internetowe, aby u\u0142atwi\u0107 dost\u0119pno\u015b\u0107 us\u0142ug publicznych dla mieszka\u0144c\u00f3w. Dzi\u0119ki temu, us\u0142ugi publiczne stan\u0105 si\u0119 \u0142atwiejsze i bardziej dost\u0119pne dla wszystkich.<\/p>\n\n\n\n<p><strong>Nowoczesne finanse<\/strong> to trzeci istotny temat konferencji. Samorz\u0105dy mog\u0105 rozwa\u017cy\u0107 r\u00f3\u017cne sposoby na celowe kszta\u0142towanie swojej sytuacji finansowej, w tym alternatywne \u017ar\u00f3d\u0142a finansowania. Ramy finans\u00f3w publicznych powinny tworzy\u0107 przestrze\u0144 regulacyjn\u0105 rozwoju uwzgl\u0119dniaj\u0105c\u0105 zr\u00f3\u017cnicowane \u017ar\u00f3d\u0142a finansowania.<\/p>\n\n\n\n<p>Konferencja organizowana jest przy wsp\u00f3\u0142pracy<strong> Miasta i Gminy Wieliczka, Europejskiego Instytutu Zr\u00f3wnowa\u017conego Rozwoju, Uniwersytetu Jagiello\u0144skiego w Krakowie<\/strong> oraz <strong>Uniwersytetu Ekonomicznego w Krakowie<\/strong>. Patronat nad wydarzeniem obj\u0105\u0142 <strong>Zwi\u0105zek Miast Polskich <\/strong>oraz <strong>Ruch Samorz\u0105dowy &#8222;Tak! Dla Polski&#8221;. <\/strong><\/p>\n","protected":false},"excerpt":{"rendered":"<p>Mi\u0119dzynarodowa Konferencja \u201eSamorz\u0105d 6.0. Rozw\u00f3j spo\u0142eczny \u2013 Us\u0142ugi gospodarcze \u2013 Nowoczesne finanse\u201d to drugie ju\u017c wa\u017cne wydarzenie o charakterze naukowym, kt\u00f3re w ostatnich miesi\u0105cach odbywa si\u0119 w Wieliczce. Konferencja jest kontynuacj\u0105 21. Mi\u0119dzynarodowej Konferencji z cyklu EKONOMIA &#8211; FINANSE &#8211; ZARZ\u0104DZANIE (ICEFM2022) pt. &#8222;Wsp\u00f3\u0142czesne wyzwania w polityce gospodarczej, biznesie i zarz\u0105dzaniu&#8221;, kt\u00f3ra zosta\u0142a zorganizowana w &hellip; <\/p>\n","protected":false},"author":1,"featured_media":0,"parent":0,"menu_order":0,"comment_status":"closed","ping_status":"open","template":"","meta":{"ngg_post_thumbnail":0,"footnotes":""},"class_list":["post-2","page","type-page","status-publish","hentry","latest_post"],"_links":{"self":[{"href":"https:\/\/konferencja.wieliczka.eu\/index.php?rest_route=\/wp\/v2\/pages\/2","targetHints":{"allow":["GET"]}}],"collection":[{"href":"https:\/\/konferencja.wieliczka.eu\/index.php?rest_route=\/wp\/v2\/pages"}],"about":[{"href":"https:\/\/konferencja.wieliczka.eu\/index.php?rest_route=\/wp\/v2\/types\/page"}],"author":[{"embeddable":true,"href":"https:\/\/konferencja.wieliczka.eu\/index.php?rest_route=\/wp\/v2\/users\/1"}],"replies":[{"embeddable":true,"href":"https:\/\/konferencja.wieliczka.eu\/index.php?rest_route=%2Fwp%2Fv2%2Fcomments&post=2"}],"version-history":[{"count":25,"href":"https:\/\/konferencja.wieliczka.eu\/index.php?rest_route=\/wp\/v2\/pages\/2\/revisions"}],"predecessor-version":[{"id":628,"href":"https:\/\/konferencja.wieliczka.eu\/index.php?rest_route=\/wp\/v2\/pages\/2\/revisions\/628"}],"wp:attachment":[{"href":"https:\/\/konferencja.wieliczka.eu\/index.php?rest_route=%2Fwp%2Fv2%2Fmedia&parent=2"}],"curies":[{"name":"wp","href":"https:\/\/api.w.org\/{rel}","templated":true}]}}

<p>Międzynarodowa Konferencja <strong>„Samorząd 6.0. Rozwój społeczny – Usługi gospodarcze – Nowoczesne finanse” </strong>to drugie już ważne wydarzenie o charakterze naukowym, które w ostatnich miesiącach odbywa się w Wieliczce. </p>



<p>Konferencja jest kontynuacją 21. Międzynarodowej Konferencji z cyklu EKONOMIA &#8211; FINANSE &#8211; ZARZĄDZANIE (ICEFM2022) pt. &#8222;Współczesne wyzwania w polityce gospodarczej, biznesie i zarządzaniu&#8221;, która została zorganizowana w Wieliczce w październiku 2022 r.</p>



<p>Tym razem, <strong>w Wielickiej Mediatece </strong>spotkają się<strong> liderzy i eksperci z wielu dziedzin nauki i praktyki samorządowej z całego świata (z Polski, Niemiec, Francji, Włoch, Rumunii, USA, Peru i Indii)</strong>, aby dyskutować o tym, jak rozwijać doskonalszy model samorządu przyszłości. W ciągu ostatnich kilku lat, technologia i innowacje gwałtownie przyspieszyły, stając się coraz ważniejsze dla rozwoju społecznego i gospodarczego, a konferencja stanowi platformę debaty o trendach, praktykach oraz wyzwaniach rozwojowych przed którymi stoją samorządy.</p>



<p><strong>Rozwój społeczny </strong>jest kluczowym tematem konferencji, ponieważ samorządy odgrywają ważną rolę w poprawie jakości życia swoich mieszkańców. W tym celu, liderzy samorządów mogą rozważyć inwestowanie w projekty infrastrukturalne, w programy edukacyjne i zdrowotne, które pomogą w harmonijnym doskonaleniu poziomu życia mieszkańców.</p>



<p><strong>Usługi publiczne</strong> to kolejny ważny temat konferencji.<strong> </strong>Samorządy powinny rozważyć wykorzystanie nowoczesnych technologii, takich jak aplikacje mobilne i platformy internetowe, aby ułatwić dostępność usług publicznych dla mieszkańców. Dzięki temu, usługi publiczne staną się łatwiejsze i bardziej dostępne dla wszystkich.</p>



<p><strong>Nowoczesne finanse</strong> to trzeci istotny temat konferencji. Samorządy mogą rozważyć różne sposoby na celowe kształtowanie swojej sytuacji finansowej, w tym alternatywne źródła finansowania. Ramy finansów publicznych powinny tworzyć przestrzeń regulacyjną rozwoju uwzględniającą zróżnicowane źródła finansowania.</p>



<p>Konferencja organizowana jest przy współpracy<strong> Miasta i Gminy Wieliczka, Europejskiego Instytutu Zrównoważonego Rozwoju, Uniwersytetu Jagiellońskiego w Krakowie</strong> oraz <strong>Uniwersytetu Ekonomicznego w Krakowie</strong>. Patronat nad wydarzeniem objął <strong>Związek Miast Polskich </strong>oraz <strong>Ruch Samorządowy &#8222;Tak! Dla Polski&#8221;. </strong></p>

<p>Międzynarodowa Konferencja „Samorząd 6.0. Rozwój społeczny – Usługi gospodarcze – Nowoczesne finanse” to drugie już ważne wydarzenie o charakterze naukowym, które w ostatnich miesiącach odbywa się w Wieliczce. Konferencja jest kontynuacją 21. Międzynarodowej Konferencji z cyklu EKONOMIA &#8211; FINANSE &#8211; ZARZĄDZANIE (ICEFM2022) pt. &#8222;Współczesne wyzwania w polityce gospodarczej, biznesie i zarządzaniu&#8221;, która została zorganizowana w &hellip; </p>
